{"id":235,"date":"2025-08-28T22:57:39","date_gmt":"2025-08-28T20:57:39","guid":{"rendered":"https:\/\/carabancheldc.com\/cruza\/2025\/?post_type=evento&#038;p=235"},"modified":"2025-09-30T12:21:11","modified_gmt":"2025-09-30T10:21:11","slug":"mediacion","status":"publish","type":"evento","link":"https:\/\/carabancheldc.com\/cruza\/2025\/evento\/mediacion\/","title":{"rendered":"Mediaci\u00f3n"},"content":{"rendered":"\n<p class=\"wp-block-paragraph\">Diversos recorridos a trav\u00e9s de estudios de artista, galer\u00edas de arte contempor\u00e1neo y espacios dedicados al dise\u00f1o acercar\u00e1n a los visitantes a la producci\u00f3n y la creaci\u00f3n de Carabanchel. El centro de la actividad es la mediaci\u00f3n: se trata de vincular a pie los espacios entre s\u00ed, recorrer el barrio y dar a conocer a artistas y dise\u00f1adoras.<\/p>\n\n\n\n<iframe loading=\"lazy\" src=\"https:\/\/www.google.com\/maps\/d\/embed?mid=1JnZj1PQGCIW_IMTCbxuOabrBAyzs8Ls&#038;ehbc=2E312F\" width=\"840\" height=\"680\"><\/iframe>\n\n\n\n<p class=\"wp-block-paragraph\">Reserva tu entrada gratis, en los enlaces de los recorridos: <br><br><strong>Recorrido A: lunes 29 sept. De 17:00 a 19:00 h.<br>18:00<\/strong> LAPISLAZULI <strong><br>17:00<\/strong> Estudio Brillante<br><strong>17:30<\/strong> Lapisl\u00e1zuli<br><strong>18:00<\/strong> Point of reference<br><strong>18:30 <\/strong>Tupatio<strong><br><br><a href=\"https:\/\/entradium.com\/events\/mediacion-cruza-carabanchel\" data-type=\"link\" data-id=\"https:\/\/entradium.com\/events\/mediacion-cruza-carabanchel\" target=\"_blank\" rel=\"noreferrer noopener\">Recorrido B<\/a>: martes 30 sept. 2025 de 18:00 a 20:30 h<br>18:00<\/strong> Sabrina Amrani <br><strong>18:30<\/strong> T\u00f6nnheim Gallery <br><strong>19:00<\/strong> VETA <br><strong>19:30<\/strong> NOART GALLERY<strong><br><br><a href=\"https:\/\/entradium.com\/events\/sesion-3-mediacion-cruza-carabanchel\" target=\"_blank\" rel=\"noreferrer noopener\">Recorrido C<\/a>: mi\u00e9rcoles 1 oct 2025, de 18:00 a 20:30 h.<br>18:00<\/strong> La Oficina Galer\u00eda <br><strong>18:30<\/strong> Estudio Carlos Garaicoa &#8211; Car&#8230; <br><strong>19:00<\/strong> Bruta Estudio <br><strong>19:30<\/strong> Marquesa Gallery <br><strong>20:00<\/strong> Lab Brut <br><br><strong><a href=\"https:\/\/entradium.com\/events\/sesion-4-mediacion-cruza-carabanchel\" target=\"_blank\" rel=\"noreferrer noopener\">Recorrido D<\/a>: viernes 3 oct 2025, de 18:00 a 20:30 h.<br>18:00<\/strong> El Presente Perfecto <br><strong>18:30<\/strong> Estudio Nebot <br><strong>19:00<\/strong> Estudio Inverso <br><strong>19:30<\/strong> Espacio Vista (Yixiong Ma). <br><strong>20:00<\/strong> photoAlquimia <br><strong>20:30<\/strong> Monamour Natural Design +&#8230;<br><br><strong><a href=\"https:\/\/entradium.com\/events\/sesion-5-mediacion-cruza-carabanchel\" target=\"_blank\" rel=\"noreferrer noopener\">Recorrido E<\/a>: s\u00e1bado 4 oct 2025, de 11:00 a 14.00h.<br>11:00<\/strong> fresca. La nave <br><strong>11:30<\/strong> Benveniste Contemporary <br><strong>12:00<\/strong> Estudio Maleza <br><strong>12:30<\/strong> Estudio Isidro Blasco <br><strong>13:00<\/strong> La Caja Muda \/ Studio<\/p>\n\n\n\n<p class=\"wp-block-paragraph\">Daniel Silvo es director de Galer\u00eda Nueva, con tres sedes en Madrid y una en Ciudad de M\u00e9xico, y de las residencias y estudios para artistas de Atelier Solar. Entre 2018 y 2019 codirigi\u00f3 las ferias JustMad (Madrid) y JustLX (Lisboa). Ha comisariado exposiciones en Conde Duque (Sal\u00f3n Brand New, 2012), Tabacalera Promoci\u00f3n del Arte (Acorazado Patac\u00f3n, 2015), Lugar a Dudas &#8211; Cali (Objects in Mirror are Closer than They Appear, 2014), Centro de Arte Joven (Atelier, 2014) y en galer\u00edas como Isabel Hurley (M\u00e1laga, 2013) y Espacio Valverde (Madrid, 2013).                <br><br>En 2023 crea el podcast Mirada Circular, un programa sobre la actualidad del arte contempor\u00e1neo. Entre 2005 y 2010 particip\u00f3 como colaborador en el programa Hablar en Arte, de Radio C\u00edrculo.<\/p>\n","protected":false},"featured_media":236,"template":"","area":[39],"tipo":[],"categoria":[],"class_list":["post-235","evento","type-evento","status-publish","has-post-thumbnail","hentry","area-mediacion"],"acf":[],"_links":{"self":[{"href":"https:\/\/carabancheldc.com\/cruza\/2025\/wp-json\/wp\/v2\/evento\/235","targetHints":{"allow":["GET"]}}],"collection":[{"href":"https:\/\/carabancheldc.com\/cruza\/2025\/wp-json\/wp\/v2\/evento"}],"about":[{"href":"https:\/\/carabancheldc.com\/cruza\/2025\/wp-json\/wp\/v2\/types\/evento"}],"wp:featuredmedia":[{"embeddable":true,"href":"https:\/\/carabancheldc.com\/cruza\/2025\/wp-json\/wp\/v2\/media\/236"}],"wp:attachment":[{"href":"https:\/\/carabancheldc.com\/cruza\/2025\/wp-json\/wp\/v2\/media?parent=235"}],"wp:term":[{"taxonomy":"area","embeddable":true,"href":"https:\/\/carabancheldc.com\/cruza\/2025\/wp-json\/wp\/v2\/area?post=235"},{"taxonomy":"tipo","embeddable":true,"href":"https:\/\/carabancheldc.com\/cruza\/2025\/wp-json\/wp\/v2\/tipo?post=235"},{"taxonomy":"categoria","embeddable":true,"href":"https:\/\/carabancheldc.com\/cruza\/2025\/wp-json\/wp\/v2\/categoria?post=235"}],"curies":[{"name":"wp","href":"https:\/\/api.w.org\/{rel}","templated":true}]}}

Mediación

<p class="wp-block-paragraph">Diversos recorridos a través de estudios de artista, galerías de arte contemporáneo y espacios dedicados al diseño acercarán a los visitantes a la producción y la creación de Carabanchel. El centro de la actividad es la mediación: se trata de vincular a pie los espacios entre sí, recorrer el barrio y dar a conocer a artistas y diseñadoras.</p>



<iframe loading="lazy" src="https://www.google.com/maps/d/embed?mid=1JnZj1PQGCIW_IMTCbxuOabrBAyzs8Ls&#038;ehbc=2E312F" width="840" height="680"></iframe>



<p class="wp-block-paragraph">Reserva tu entrada gratis, en los enlaces de los recorridos: <br><br><strong>Recorrido A: lunes 29 sept. De 17:00 a 19:00 h.<br>18:00</strong> LAPISLAZULI <strong><br>17:00</strong> Estudio Brillante<br><strong>17:30</strong> Lapislázuli<br><strong>18:00</strong> Point of reference<br><strong>18:30 </strong>Tupatio<strong><br><br><a href="https://entradium.com/events/mediacion-cruza-carabanchel" data-type="link" data-id="https://entradium.com/events/mediacion-cruza-carabanchel" target="_blank" rel="noreferrer noopener">Recorrido B</a>: martes 30 sept. 2025 de 18:00 a 20:30 h<br>18:00</strong> Sabrina Amrani <br><strong>18:30</strong> Tönnheim Gallery <br><strong>19:00</strong> VETA <br><strong>19:30</strong> NOART GALLERY<strong><br><br><a href="https://entradium.com/events/sesion-3-mediacion-cruza-carabanchel" target="_blank" rel="noreferrer noopener">Recorrido C</a>: miércoles 1 oct 2025, de 18:00 a 20:30 h.<br>18:00</strong> La Oficina Galería <br><strong>18:30</strong> Estudio Carlos Garaicoa &#8211; Car&#8230; <br><strong>19:00</strong> Bruta Estudio <br><strong>19:30</strong> Marquesa Gallery <br><strong>20:00</strong> Lab Brut <br><br><strong><a href="https://entradium.com/events/sesion-4-mediacion-cruza-carabanchel" target="_blank" rel="noreferrer noopener">Recorrido D</a>: viernes 3 oct 2025, de 18:00 a 20:30 h.<br>18:00</strong> El Presente Perfecto <br><strong>18:30</strong> Estudio Nebot <br><strong>19:00</strong> Estudio Inverso <br><strong>19:30</strong> Espacio Vista (Yixiong Ma). <br><strong>20:00</strong> photoAlquimia <br><strong>20:30</strong> Monamour Natural Design +&#8230;<br><br><strong><a href="https://entradium.com/events/sesion-5-mediacion-cruza-carabanchel" target="_blank" rel="noreferrer noopener">Recorrido E</a>: sábado 4 oct 2025, de 11:00 a 14.00h.<br>11:00</strong> fresca. La nave <br><strong>11:30</strong> Benveniste Contemporary <br><strong>12:00</strong> Estudio Maleza <br><strong>12:30</strong> Estudio Isidro Blasco <br><strong>13:00</strong> La Caja Muda / Studio</p>



<p class="wp-block-paragraph">Daniel Silvo es director de Galería Nueva, con tres sedes en Madrid y una en Ciudad de México, y de las residencias y estudios para artistas de Atelier Solar. Entre 2018 y 2019 codirigió las ferias JustMad (Madrid) y JustLX (Lisboa). Ha comisariado exposiciones en Conde Duque (Salón Brand New, 2012), Tabacalera Promoción del Arte (Acorazado Patacón, 2015), Lugar a Dudas &#8211; Cali (Objects in Mirror are Closer than They Appear, 2014), Centro de Arte Joven (Atelier, 2014) y en galerías como Isabel Hurley (Málaga, 2013) y Espacio Valverde (Madrid, 2013).                <br><br>En 2023 crea el podcast Mirada Circular, un programa sobre la actualidad del arte contemporáneo. Entre 2005 y 2010 participó como colaborador en el programa Hablar en Arte, de Radio Círculo.</p>
